-5).
3
Let p = -10 + 15. Suppose 0*l - 4 = -2*l. Let o(d) = 5*d - 7 + 0*d**2 - p*d**2 + d**l - d**3. Determine o(-5).
-7
Let k(c) = 16*c + 7 - 4*c - c - 12*c. Let z(o) = o + 3. Let p be z(-3). What is k(p)?
7
Let r be (-5)/5*-3 - 2. Let b(a) = 9*a + 1. Give b(r).
10
Let h = -1 - -4. Let z(p) = -p**h - 2*p**2 - 5 - 2*p - p**2 - p**2 - p. Calculate z(-4).
7
Let r(b) = -16 + b + 16 - 10. Give r(10).
0
Let o(r) = r**2 - r. Let f(q) = q**2 + 2*q - 4. Let s(n) = f(n) - 2*o(n). Let h = 14 - 10. Suppose v + 9 = h*v. Determine s(v).
-1
Let y(g) = -g**2 - 4*g. Let v be (12*1)/2 - 2. Suppose -q + 0*l = l - 2, 5*q = -4*l + 13. Suppose v*d - 3*d = -q. Give y(d).
-5
Let c(i) = -3*i**2 + 4*i**2 + 4*i + 5*i + 7. Calculate c(-6).
-11
Suppose -c + 7 = h, 0 = -5*h - 4*c + c + 27. Let r(d) be the second derivative of -2*d**2 + 0 + 1/3*d**h + 3*d. Determine r(3).
2
Suppose 5*q - 4 - 21 = 0. Let a(i) be the first derivative of i**3/3 - 2*i**2 - 4*i - 1. Determine a(q).
1
Let h(i) = -i + 3*i - 4*i - 2 + i. What is h(-5)?
3
Let h(l) = -3*l**2 + l. Let d be (2/(-3))/(8/(-12)). Give h(d).
-2
Suppose -5*k + 38 + 2 = 0. Let a(z) = -z**2 - 5*z - 2. Let h be a(-4). Let y(o) = o**h + 7 - 1 + k*o - 2*o. Give y(-4).
-2
Suppose 4*k - 2*k - 10 = 3*l, l - 15 = -3*k. Let i = 36 + -34. Let o(v) = 0*v + 2*v + 3*v**2 + 5 - 5*v**2 + v**i. Give o(k).
-10
Let b(q) = 4*q - 7. Let h be (-12)/((-3)/1)*(-15)/(-10). Calculate b(h).
17
Let g(n) = -n - 5. Let h be g(-7). Suppose -3*q + 4*y = -14, -y - 6 = -h*q - 0*y. Suppose q = c + c. Let a(v) = -5*v**2 + 2*v - 1. What is a(c)?
-4
Let x(i) = i**2 + 6*i - 1. Let l(j) = j**2. Let z be l(2). Suppose -26 = 4*d - 3*g, -z*d = -g + 28 - 6. Calculate x(d).
-6
Suppose 6 = -b + 8. Let t(o) = -o**2 + 6*o - 3. Determine t(b).
5
Let y = -3 - 3. Let m(b) = b**2 + 7*b + 7. What is m(y)?
1
Let b(n) = -2*n**3 - n. Let y(p) = -p**2 + 2*p. Let a be y(-3). Let q be (-5)/a + (-4)/(-6). Suppose q = -r - 0. Give b(r).
3
Let z(v) = -3 + 30*v + 6 - 38*v. Give z(2).
-13
Let v(d) be the second derivative of -d**7/2520 + d**6/180 + d**5/60 + d**4/6 + 2*d. Let c(j) be the third derivative of v(j). Determine c(4).
2
Let s(m) = -3*m + 2*m - 1 + 2*m - 2*m. Calculate s(-2).
1
Let c(d) = -d**2 - d - 1. Suppose -4*i + 2*i - 14 = 4*l, 3*l = 3*i - 6. Determine c(i).
-1
Let z(p) be the third derivative of -p**8/20160 - p**7/2520 + p**6/360 - p**5/10 + 7*p**2. Let l(a) be the third derivative of z(a). Determine l(-4).
-6
Let f(c) = 2*c. Let z(i) = -i**3 - i**2 + 6*i - 5. Let d be z(2). Calculate f(d).
-10
Let r(k) = k**2. Let l(x) = 4*x**2 - 4*x + 3. Let v(m) = -l(m) + 3*r(m). Let t be (120/100)/(6/20). What is v(t)?
-3
Let d(q) = -q**2 + 5*q + 5. Let u = 37 + -30. Give d(u).
-9
Let a(p) = -2*p + 18. Let d(b) = b**2 + b - 17. Let g(j) = 6*a(j) + 7*d(j). Let c(o) = 13*o**2 - 9*o - 21. Let t(z) = 6*c(z) - 11*g(z). Determine t(0).
-5
Suppose -b = -4*v - 0*b + 3, -b + 11 = 3*v. Let r(q) = -4 - 9 + 0 + 11 + 6*q. Determine r(v).
10
Let d = 13 - 14. Let k(q) = 4*q**2 + 11*q - 1. Let u(v) = v**2 + v. Let h(s) = d*k(s) + 5*u(s). Determine h(5).
-4
Let w(v) = -22*v**2 + 2 + 6 + 7*v + 23*v**2. Determine w(-6).
2
Let t = 15 - 11. Let x(c) be the first derivative of 5 - 2*c - 1/2*c**2. Give x(t).
-6
Let k(m) = -6*m**3 - 3*m**2 - 3*m + 1. Let v(y) = -6*y**3 - 2*y**2 - 2*y + 1. Let b(a) = -2*k(a) + 3*v(a). Determine b(1).
-5
Let h(s) be the second derivative of -s + 0 - 1/6*s**3 - 1/12*s**4 - 3*s**2. Determine h(0).
-6
Let b(j) = -2*j - 1. Let m(p) = p**2 - 5*p + 4. Let i be m(3). Let z be b(i). Let g(l) = 0*l + 2*l - z*l + 4. Calculate g(4).
0
Suppose 3*q + q - 44 = 0. Suppose 3*o + 0*o - h = 8, 4*o = h + q. Let k be (-2)/(3/(-2*o)). Let v(j) = -j - 1. What is v(k)?
-5
Suppose -4*p - 16 = -u, 3*u - p - 23 = -2*u. Let d(a) = a**2 + 9*a - 8. Let l be d(-10). Let z(x) = -x**2 + x**2 + 0*x**2 - u*x + x**l. What is z(5)?
5
Let r(z) = 8*z**3 + 3*z**2 + 2*z - 2. Let i(f) = f**3 - f**2 - f + 1. Let b(o) = -3*i(o) - r(o). Let u = 5 - 4. What is b(u)?
-11
Let p(o) = 13*o**3 - 6*o**2 + 5*o + 5. Let g(v) = -12*v**3 + 5*v**2 - 4*v - 4. Let m(y) = -5*g(y) - 4*p(y). Give m(-1).
-9
Let n(x) = x**3 + x. Let h(d) = 2*d**3 + 7*d**2 - 5*d + 3. Let w(f) = h(f) - 3*n(f). Let t be -3*(-8)/3 + -2. What is w(t)?
-9
Let q(m) = m**2 + 4*m. Let c be q(-4). Let a be 4/(-14) + 4/14. Let y(t) = -6*t + a + c. Calculate y(-1).
6
Let w(m) be the first derivative of -m**2 - 1/4*m**4 + 0*m**3 + m - 2. Determine w(-2).
13
Let k(y) = -10*y + 82. Let s be k(8). Let j(d) = -d**3 - 2*d**2 + 2*d - 1. Give j(s).
-13
Let t be (-4)/14 - (-46)/14. Suppose 0 = -t*b + b + 10. Suppose -3*w = -1 - b. Let g(d) = d - 3. What is g(w)?
-1
Suppose 2*m - 5*g = 3, 39 = -5*m - 0*m - 3*g. Let t = 3 + m. Let n(j) be the second derivative of j**5/20 + 5*j**4/12 + j**3/2 - j**2 - j. Determine n(t).
7
Suppose 7*u - 3*u - 24 = 3*j, -3*u + 18 = -2*j. Let t be (-6)/(-4) - u/4. Let l(b) = b + t - 2*b - 4*b + 6 - b**2. Determine l(-6).
0
Let s(u) = u**2 + 4*u - 3. Let c(w) = -w**2 + 10*w - 7. Suppose -4*k = 6 - 42. Let l be c(k). Determine s(l).
9
Let k(n) = n**3 + 8*n**2 + 5*n - 9. Let s = 91 + -98. What is k(s)?
5
Suppose -3*n + 2*h = -16, 6*n = n - 4*h + 12. Let d(s) = -2 - n*s + s**2 + 1 - 3*s. Let l = 142 - 136. Calculate d(l).
-7
Let r(k) = -k**2 - 1 + 3 - 3 + 2*k. Calculate r(3).
-4
Let o(t) = -t**2 - 4*t - 2. Let w(s) = 4*s - 6*s - s**2 - 2*s + 1. Let a be w(-5). Let c = 2 + a. What is o(c)?
2
Let m(z) = -z**3 - 4*z**2 - z + 4. Let k be m(-2). Let f(u) = -u**3 + 2*u**2 + 3*u + 1. Determine f(k).
11
Let j(w) be the second derivative of w**3/6 + 7*w**2/2 - 8*w. Give j(-6).
1
Let x = 1 + -1. Let c(z) be the first derivative of -z**3/3 - 6*z - 2. Calculate c(x).
-6
Let v(q) = -6*q + 6*q + q + 1. Let x(b) = 5*b**2 - 7*b + 7. Let a(m) = -m**2 + m - 1. Let l(t) = -6*a(t) - x(t). Let j be l(1). Calculate v(j).
2
Suppose 5*g - w + 18 = 0, g + 2*g + 15 = 2*w. Let x(t) be the second derivative of -t**5/20 - t**4/6 + t**3/3 + 3*t**2/2 - 3*t. Give x(g).
6
Let h = -8 - -11. Suppose -h*z = 2*z. Let c(n) = -n**2 - 2 + 0*n + 2*n**2 + n. What is c(z)?
-2
Let s(j) = -j**2 + 6*j + 3. Let g be s(6). Suppose -5*z = -3*t + g, 4 = 4*t + z - 0. Let k(w) = t - 4*w**3 - 7*w + 7*w - 2*w**2. Calculate k(-1).
3
Let y(u) = u + 9. Let j(t) = 6*t - 5. Let h(o) = -5*o + 4. Let d(a) = 3*h(a) + 2*j(a). Let q be d(2). Give y(q).
5
Let l(q) = q + 1. Let c(b) = 1. Let w(i) = -4*c(i) + 6*l(i). Suppose 0 = -2*u - 4*g + 12, -g + 3*g = 8. Give w(u).
-10
Suppose 7*w = 10*w. Suppose 2*q - 25 - 5 = -5*p, 3*q = w. Let f(m) = m**2 - 7*m. Determine f(p).
-6
Let s be ((-2)/(-2))/((-2)/10). Let t(a) = 3*a**2 - 9*a + 5. Let l(m) = 8*m**2 - 26*m + 14. Let d(b) = -4*l(b) + 11*t(b). Calculate d(s).
-1
Let g(i) = -i**2 + 5*i + 1. Let y be g(5). Let s(h) = -12*h**2 - h + 1. Calculate s(y).
-12
Let t(m) = -m**2 - 3*m - 1. Let w(g) = -g**2 - 1. Let z(s) = -t(s) + 2*w(s). Give z(3).
-1
Let r(m) = m**3 - 12*m**2 + 21*m - 15. Let a be r(10). Let l(d) = d**2 + d - 1. Let k(y) = -5*y**2 + 12. Let c(j) = k(j) + 6*l(j). Calculate c(a).
1
Let a(s) = 1 + 2*s + 3*s + s - 5*s + 3*s**3. Let v(q) = -q**3 + 6*q**2 - 5*q - 1. Let i be v(5). Give a(i).
-3
Let y(m) = 4*m**3 + 9*m**2 + 6*m - 5. Let d(o) = -5*o**3 - 9*o**2 - 7*o + 5. Let v(g) = -5*d(g) - 6*y(g). Calculate v(9).
-4
Suppose 3*x - 5*i + 3 = -10*i, 0 = 5*x + i + 27. Let u(d) be the second derivative of -d**5/20 - 7*d**4/12 - d**3 - 3*d**2/2 - d. Determine u(x).
-3
Let f(i) = -i - 1. Let a be f(-2). Let r(h) = -a - 2*h + 2*h**2 + 1 + 1. Let o be r(2). Let q(c) = -c**2 + 8*c - 6. Give q(o).
9
Let d(t) = 3*t**3 + 4*t**2 + 3*t + 1. Suppose 0 = 4*f - 2*f + 4, 0 = 3*x + 3*f + 12. Calculate d(x).
-13
Let s(g) = -3*g**2 - g + 0*g**2 + 0*g**2 + 2*g**2. Let b(n) = 4*n**2 + n + 1. Let a be b(-1). Suppose 4*m + m - 10 = -a*l, -7 = -4*m - 3*l. Calculate s(m).
-2
Let s(z) = -z**3 + 3*z**2 + 5*z - 2. Let b be s(4). Let v be b/7 + 69/(-21). Let o(q) be the second derivative of q**3/6 - 3*q**2/2 + 2*q. Calculate o(v).
-6
Let c(g) = 2*g - 1. Let f be 8/5*15/6. Let z(j) = 0*j**2 + j - 5*j**2 + 0 + 1 + f*j**2. Let s be z(0). What is c(s)?
1
Let y = 20 + -12. Suppose m + r + 1 = 0, -4*r + 5 = 3*m - y*m. Let t(u) be the first derivative of -3*u**2/2 - u - 1. What is t(m)?
2
Let t(o)